t b be z(-3). Let y(f) = 26*f**2 + f - 4. Let o be y(b). Calculate the greatest common divisor of o and 14.
14
Let f = 69 + -49. Suppose -2*u + 2*h - 15 - 5 = 0, 5*h = f. Let c be 2*(-4 - 285/u). What is the highest common divisor of c and 29?
29
Suppose -2*m + 20*q = 15*q + 269, 5*m = 5*q - 635. Let p = 7 - m. What is the greatest common factor of 43 and p?
43
Suppose 0*g = -5*g - r + 1284, -g - 4*r + 272 = 0. What is the greatest common factor of g and 48?
16
Let j = -4 + 11. Suppose -3*w = -12, -4*h - 4*w + 26 = h. Suppose 0 = -h*b + 7*b - 70. What is the highest common factor of j and b?
7
Suppose 75*r - 88*r + 78 = 0. Let a(f) = f**3 + 8*f**2 + 8*f - 6. Let p be a(-6). Calculate the highest common divisor of r and p.
6
Let y be 0/(2*1*(-6)/(-4)). Suppose -3*v - 4*j + 28 = y, 3*v + 2*v = 3*j + 95. Calculate the greatest common factor of 176 and v.
16
Suppose -3*t + 133 = -4*i, 4*t + i - 194 = 3*i. Suppose -6*g + 19 = -23. Suppose -g*j + 242 = 4. Calculate the highest common factor of t and j.
17
Let m(d) = 10*d**2 - 31*d - 150. Let p be m(-6). Let g(u) = -37*u - 1. Let t be g(-1). Calculate the greatest common divisor of t and p.
36
Suppose -4*v - 20 = -m + 2*m, -3*v = -m + 1. Let j = 13 + m. What is the greatest common divisor of 25 and j?
5
Let n be (-28)/8*(-4)/2. Suppose -61 - 380 = -9*q. What is the greatest common divisor of n and q?
7
Let d be 21 + -1*1 + 0. Let z(g) = -g**2 - 204*g - 2119. Let j be z(-11). What is the greatest common factor of j and d?
4
Suppose -12*x - 720 = -24*x. Calculate the highest common divisor of 825 and x.
15
Let t(o) = o**3 - 5*o**2 + 7*o - 11. Let m be t(5). What is the highest common factor of 100 and m?
4
Suppose -8 = -4*t + 4. Suppose 2*n + 3*i = 72, -2*n + n = t*i - 42. Let h(w) = -w**2 - 18*w - 5. Let x be h(-8). What is the greatest common divisor of x and n?
15
Let y = -279 - -356. What is the highest common divisor of 1078 and y?
77
Let j = -5 + 18. Suppose 5*m = -2*g + 132, -3*m - 3*g + j = -59. What is the highest common factor of m and 70?
14
Suppose -2*y = d - 46, -4*d + 9 = 1. What is the highest common factor of y and 2662?
22
Suppose -4*c + 11 = -3*z, -2*c + 3 + 3 = -2*z. Calculate the highest common divisor of 62 and c.
2
Let v(i) = -141*i + 1 + 2 - 80*i. Let z be v(-1). What is the highest common divisor of z and 32?
32
Let w(l) = -l**3 + 9*l**2 - 8*l - 2. Let z be w(8). Let d be ((-132)/z)/((-6)/(-8)). Suppose 164 = -4*h + 208. Calculate the highest common divisor of d and h.
11
Suppose -9*v - 1118 + 20 = 0. Let a = v - -203. What is the highest common divisor of a and 9?
9
Let w(l) = 2*l**2 - 15*l - 7. Let s be w(-13). Suppose -a = -i + 4*a + 251, -s = -2*i - 2*a. What is the greatest common divisor of 29 and i?
29
Let k = 65 + -35. Let d be (-564)/(-8) + 4 - 2/(-4). What is the greatest common divisor of d and k?
15
Let p = 61 + -24. Let l = 63 - p. Calculate the greatest common divisor of 26 and l.
26
Suppose 3*q - 725 - 31 = 0. Let s be -6*((-644)/69)/(1 + 1). Calculate the greatest common factor of s and q.
28
Let k be 2 - (-8 + 11) - -193. What is the greatest common divisor of k and 60?
12
Let t = -1 - -2. Suppose 0 = 5*j - 7*j + 8. Let k be j/1 - (1 + 1). What is the greatest common divisor of t and k?
1
Suppose 3*x + 138 = 2*n, 209 + 5 = -5*x - 2*n. Let j be (x/(-8) + 1)*2. Let d = -3 + 16. Calculate the greatest common divisor of d and j.
13
Let i be 1918/6 - 46/(-138). What is the greatest common factor of 20 and i?
20
Let g = 17 - 15. Suppose -g*x + 35 = -1. Calculate the highest common divisor of 6 and x.
6
Suppose v = -7*v - 176. Let d be (-759)/v + 2/(-4). Suppose -2*p + 285 - 115 = 0. Calculate the greatest common divisor of d and p.
17
Let r be 8/24*(-3)/1. Let t(a) = 353*a**2 - 2*a - 1. Let o be t(r). Suppose -4*s - 34 = -o. Calculate the highest common divisor of s and 20.
20
Suppose 32 - 12 = r. Let n be ((-2)/(-1) + 0)/((-8)/(-116)). Suppose 3*k = w + 30, -11 = -4*k + 5*w + n. What is the greatest common divisor of k and r?
10
Let q be 9/(6/5 - 1). Suppose -4*n - q = -5*n + 5*s, -4*n - 4*s = -132. What is the highest common divisor of n and 5?
5
Let u be (26 + 0 - 0) + 0. Let x = 50 - u. Suppose 2*i - 8 = -g - 0, 0*i = 4*i. What is the greatest common divisor of g and x?
8
Suppose 0*p - 4*p = 28. Let c(x) = -6*x - x + 1 - 7*x**2 + x - x**3 + x. Let i be c(p). What is the highest common divisor of i and 12?
12
Let a be (-1 - -30*1) + 0/(-1). Let f(s) = s**3 + s**2 - 2*s - 3. Let p be f(-2). Let w be 148 + (p + 0)*1. Calculate the greatest common divisor of a and w.
29
Let d(o) = 10*o**2 + 59*o + 3. Let f be d(-7). Let l = -17 + 33. Calculate the highest common divisor of f and l.
16
Let y be ((-10)/2)/(53/(-212)). What is the highest common factor of y and 190?
10
Suppose -d - 36 = -4*d. Let o = d - 9. Suppose -4*h + 2*b = -94, -o*b = -4*h - 2*b + 89. Calculate the greatest common divisor of h and 3.
3
Let o(f) be the third derivative of -11*f**4/24 + 11*f**3/6 + 7*f**2. Let l be o(5). Let t be (-3 + l/(-2))*1. What is the highest common factor of t and 152?
19
Let j = -904 + 998. Calculate the highest common divisor of j and 235.
47
Let j(t) = t**2 - 5*t. Let d be j(6). Let k be ((-10)/(140/(-21)))/(-3 + (-39)/(-12)). What is the highest common divisor of d and k?
6
Let w be 0/3 - ((-3)/1 - 1). Let d be ((-30)/w)/((-11)/22). Let r be (-15)/(-6)*108/2. What is the highest common divisor of r and d?
15
Let g(q) = -6*q**2 + 162*q + 6. Let l be g(22). What is the greatest common factor of l and 18?
18
Suppose -708 - 3450 = -198*p. Let g be (2 + -1)*(-1 - -4). What is the greatest common factor of p and g?
3
Let f(z) = -z**2 - 20*z + 46. Let y be f(-22). What is the highest common divisor of 27 and y?
1
Suppose 2*h = -9 + 29. Calculate the highest common factor of h and 5.
5
Let r be (-72)/(-38) + -20 + (-3820)/(-190). Suppose p = 2*p - 2. What is the highest common factor of p and r?
2
Suppose -4*b - 4*x = -0 - 4, -2*b + x + 2 = 0. What is the highest common factor of 32 and b?
1
Let p be (4 + 75)/(3/3). Let w = p - 56. Calculate the greatest common divisor of 23 and w.
23
Let u(n) = -21*n - 190. Let j be u(-27). What is the highest common divisor of 39 and j?
13
Let l(q) = -9*q - 67. Let w be l(-9). Let i(c) = 2*c**3 - 27*c**2 - 10*c - 20. Let d be i(w). What is the highest common factor of d and 9?
9
Let j = 278 + -208. Calculate the greatest common factor of j and 10.
10
Let g(w) = w**3 - 5*w**2 + 7*w + 10. Let l be g(8). Let v be (121 - 35)/((-2)/(-1)). Calculate the highest common divisor of v and l.
43
Let r be (-2)/(-2) + (12 - 0). Suppose f = 4721 - 4695. What is the greatest common divisor of f and r?
13
Suppose 0 = 5*o - 3*t - 581 - 19, 3*t = 3*o - 360. Calculate the greatest common divisor of o and 48.
24
Let g = 92 + -48. Suppose 46 = 2*r - g. What is the highest common factor of 5 and r?
5
Let l(u) = u**3 - 3*u + 1. Let g be l(2). Suppose 0*z - 84 = -g*z. Suppose 0*c + z = c. What is the greatest common divisor of 42 and c?
14
Suppose -13*v + 9*v + 384 = 0. Let l = 58 - 34. Calculate the highest common factor of l and v.
24
Let b be -2 + 509 - 9 - 8. What is the greatest common factor of b and 35?
35
Let f = 538 + -521. Let c(j) be the first derivative of j**3/3 - 17*j**2/2 + 12*j + 1. Let r be c(f). Calculate the greatest common divisor of r and 6.
6
Let x(o) = 16*o + 1. Let u be x(2). Let c be ((-140)/8)/7 - 3/6. Let y be 5 - ((-8 - c) + -1). What is the highest common divisor of u and y?
11
Let k be 72/34 - 16/136. Let j be -3 + (4 - -14)*k. What is the highest common divisor of j and 22?
11
Let v = -647 - -704. Calculate the highest common divisor of v and 19.
19
Suppose 5*t + 5*y - y - 37 = 0, 0 = -5*t - 2*y + 31. Calculate the highest common divisor of t and 2.
1
Suppose 340 = 5*z + 80. Suppose -4*c = -5*j - 62, 3*c - 3*j = -2*j + z. What is the highest common factor of c and 90?
18
Let q(b) = -89*b + 15. Let h be q(-1). What is the highest common factor of h and 78?
26
Suppose -496 = -4*o - 16. Let v = o + 222. What is the highest common divisor of v and 38?
38
Let s be 59/3 - 115/(-345). Calculate the greatest common factor of 250 and s.
10
Suppose -3*v = -1 - 5. Let w be 2*4/(-4)*v/(-4). Let c be (1 + -3)/(2/(-4)). What is the highest common 